{"id":3108,"date":"2021-01-27T18:43:58","date_gmt":"2021-01-27T17:43:58","guid":{"rendered":"http:\/\/wefitshop.com\/?post_type=product&#038;p=3108"},"modified":"2023-05-12T17:46:24","modified_gmt":"2023-05-12T15:46:24","slug":"operation-perte-de-poids","status":"publish","type":"product","link":"https:\/\/wefitshop.com\/?product=operation-perte-de-poids","title":{"rendered":"Op\u00e9ration perte de poids"},"content":{"rendered":"","protected":false},"excerpt":{"rendered":"<p>L\u2019op\u00e9ration perte de poids comprend :<\/p>\n<p>-50 ou 100 livrets perte de poids<\/p>\n<p>&#8211; Les programmes di\u00e9t\u00e9tiques, r\u00e9alis\u00e9s par un di\u00e9t\u00e9ticien sous forme de fichier num\u00e9rique :<\/p>\n<ul>\n<li>Homme 35 ans : 4 fiches menu (1 par semaine)<\/li>\n<li>Homme 55 ans : 4 fiches menu (1 par semaine)<\/li>\n<li>Femme 35 ans : 4 fiches menu (1 par semaine)<\/li>\n<li>Femme 55 ans : 4 fiches menu (1 par semaine)<\/li>\n<\/ul>\n","protected":false},"featured_media":3117,"template":"","meta":[],"_links":{"self":[{"href":"https:\/\/wefitshop.com\/index.php?rest_route=\/wp\/v2\/product\/3108"}],"collection":[{"href":"https:\/\/wefitshop.com\/index.php?rest_route=\/wp\/v2\/product"}],"about":[{"href":"https:\/\/wefitshop.com\/index.php?rest_route=\/wp\/v2\/types\/product"}],"version-history":[{"count":7,"href":"https:\/\/wefitshop.com\/index.php?rest_route=\/wp\/v2\/product\/3108\/revisions"}],"predecessor-version":[{"id":3118,"href":"https:\/\/wefitshop.com\/index.php?rest_route=\/wp\/v2\/product\/3108\/revisions\/3118"}],"wp:featuredmedia":[{"embeddable":true,"href":"https:\/\/wefitshop.com\/index.php?rest_route=\/wp\/v2\/media\/3117"}],"wp:attachment":[{"href":"https:\/\/wefitshop.com\/index.php?rest_route=%2Fwp%2Fv2%2Fmedia&parent=3108"}],"curies":[{"name":"wp","href":"https:\/\/api.w.org\/{rel}","templated":true}]}}